ivided by 8.
7
Calculate the remainder when (-74661)/82*4*(-2)/4 is divided by 19.
16
Suppose -z - 3*u + 27 = -6, -5*z + u + 197 = 0. Calculate the remainder when z is divided by 15.
9
Suppose 0 = 13*s - s - 120. What is the remainder when 317 is divided by s?
7
Let l(x) = x**3 + 9*x**2 - 11*x - 8. Let d = 0 - -4. Let o be (-45)/6*d/3. Calculate the remainder when 5 is divided by l(o).
1
Let w be (8 - 8) + (-1 - 12). Let t = w - -17. Suppose 5*y = 2*z + 247, 238 - 26 = t*y + 2*z. What is the remainder when y is divided by 18?
15
Calculate the remainder when 29/(261/(-270))*8/(-2) is divided by 31.
27
What is the remainder when (-7 - 1) + 8 - -72 is divided by 40?
32
Suppose 4*d - o = -36, -3*d - 3*o - 4 = 2*o. Calculate the remainder when 15 is divided by (-7 - -6)*(d - 2).
5
Calculate the remainder when 33 is divided by (-5)/(-2)*196/70.
5
Let u = -39 + 97. Let z = u - 48. Suppose -25 = -2*k - 2*q + 47, -3*q + 69 = 2*k. Calculate the remainder when k is divided by z.
9
Suppose 3*b = -2*l + 57, 5*b + 3*l - 93 = 1. Let n = 23 - b. Calculate the remainder when (-3)/(((-4)/14)/2) is divided by n.
3
Suppose 66 + 384 = -15*x. Let d = 47 + x. Calculate the remainder when d is divided by 11.
6
Let d = 20 + -2. Suppose -d + 36 = f. What is the remainder when 68 is divided by f?
14
Suppose -4*j + 3*i = -237, 108 + 77 = 3*j + 5*i. Calculate the remainder when 101 is divided by j.
41
Suppose 6*q - 471 = -117. What is the remainder when q is divided by 30?
29
Let h(t) = 42*t**3 - 2*t**2 + 2*t - 1. Let g = 32 - 61. Let q = g - -43. What is the remainder when h(1) is divided by q?
13
What is the remainder when 285 is divided by ((-800)/350)/(4/(-14))?
5
What is the remainder when 38 is divided by (8 + -10 - -4)/((-2)/(-20))?
18
Suppose -7*g = l - 49, -9*l + 6*l + 3*g + 27 = 0. Suppose 5*n - 6 - 142 = -3*b, 2*b = -2*n + 92. Calculate the remainder when b is divided by l.
13
Let j(k) = k**2 + 27*k - 129. Calculate the remainder when 151 is divided by j(5).
27
Let q = 11 + 19. Suppose 7*d = 4*d + 21. Calculate the remainder when q is divided by d.
2
Let v = 709 + -419. Suppose -8*k = -3*k - v. Calculate the remainder when k is divided by 15.
13
Suppose -9*y - 9 - 9 = 0. Calculate the remainder when 1/((-15)/530)*3/y is divided by 8.
5
Suppose 5*p - 3*d - 139 = 0, -22*p = -18*p + d - 118. Calculate the remainder when p is divided by 7.
1
Let t = 447 - 442. What is the remainder when 48 is divided by t?
3
Suppose 6*x + 698 = 8*x - q, 4*x = -q + 1390. What is the remainder when x is divided by 13?
10
Calculate the remainder when (-8 + 7)/(0 + (-1)/193) is divided by 39.
37
Suppose -v - v = m - 15, -25 = -2*v - 3*m. Calculate the remainder when (-1)/(-4)*((50 - 4) + 22) is divided by v.
2
Let v = 336 - 324. Calculate the remainder when 142 is divided by v.
10
Let d(p) = 12*p - 85. Let g be d(9). Suppose -t - 20 = 3*t. Let b = g + t. Calculate the remainder when b is divided by 10.
8
Let i(z) = -z**2 - 6*z + 203. Calculate the remainder when 68 is divided by i(-17).
4
Let c = -82 - -31. Let i = 90 + c. Calculate the remainder when i is divided by 243/24 + -2 + 60/32.
9
Let l(i) = -26*i**2 - 2*i - 1. Let g(k) = 130*k**2 + 10*k + 6. Let h(w) = -2*g(w) - 11*l(w). What is the remainder when 44 is divided by h(-1)?
21
Suppose -811 = -4*q + 957. Calculate the remainder when q is divided by 74.
72
Let z(d) be the second derivative of d**5/20 + d**4/6 + 5*d**2/2 - 8*d. Let g = 2 + 5. Calculate the remainder when g is divided by z(-2).
2
Let o(x) = -340*x**2 + 1368*x + 3. What is the remainder when o(4) is divided by (1 - -26)*(-4)/(-6)?
17
Let j(y) = y**2 + 7*y + 5. Let c(h) = 2*h**2 + 2*h + 1. Calculate the remainder when c(3) is divided by j(-8).
12
Suppose 2*h = -f + 178, 5*h - 334 = 2*f + 102. What is the remainder when 341 is divided by h?
77
Suppose -8*r + 15 = -3*r. Suppose 537 = r*y + 99. Suppose -3*d = w - y, 2*d - 95 = -0*d - 3*w. What is the remainder when d is divided by 13?
10
Let f be -1 + 2/((-6)/195). Let p = 77 + f. What is the remainder when 28 is divided by p?
6
Suppose -224 - 24 = -i. Calculate the remainder when 154 is divided by 1*(i/20)/(8/20).
30
Let m be (6/4 - -3)*(-352)/(-24). Let h = m + 43. What is the remainder when h is divided by 28?
25
Suppose 6*s + 3*s = 36. Suppose -5*j = -z - 0 + 23, s*j = 2*z - 22. What is the remainder when z is divided by 3?
0
Let h be (5/(-20)*-2)/(1/22). Let q(p) = 6*p + 35. Calculate the remainder when q(h) is divided by 21.
17
Suppose 6*f = 3*f - 33. Let s = 3 - f. Let r = -361 - -402. Calculate the remainder when r is divided by s.
13
Let l(c) = -68*c + 1. Calculate the remainder when l(-1) is divided by -14*(5/(12 + -7) + 6/(-3)).
13
Suppose -l - 1 = 0, 0*j + 2 = -5*j - 2*l. Suppose 7*a - 3*a - 600 = j. Suppose 4*s = a + 10. Calculate the remainder when s is divided by 14.
12
Let c = 242 - 30. Calculate the remainder when c is divided by 43.
40
Let j = 76 - 65. Let m = 35 - j. What is the remainder when m is divided by 8?
0
Let n(o) = 19*o - 32. Suppose 3*k - 2*k = 4*y - 334, 4*k + 76 = y. Calculate the remainder when y is divided by n(4).
40
Let v(y) be the third derivative of y**6/60 - y**5/6 + 7*y**4/24 + y**3/6 - 6*y**2. Let g be v(6). What is the remainder when 13 is divided by 1/3 - g/(-15)?
5
Suppose 15*p = 13*p - 34. Let x = p + 20. Suppose 0 = 3*i - 2*i - x*o - 47, 3*o = -3*i + 165. What is the remainder when i is divided by 14?
11
Let y = 19 - 6. Suppose 1503*w - 1523*w = -740. What is the remainder when w is divided by y?
11
Let b = -13 + 36. Let t be (-16)/3*(3 + -6). Let p = t + -4. What is the remainder when b is divided by p?
11
Let h(l) = -4*l**2 + 3*l - 3. Let a be h(2). Let o = a + 13. Suppose -51 = -o*i - i - 4*d, 0 = 4*d. What is the remainder when i is divided by 18?
15
Suppose 72 = -2*w + 4*c - 18, c = -2*w - 75. Let o = w + 60. What is the remainder when 62 is divided by o?
20
Let b = 3 + -6. Let w(m) = 6*m**2 + m. Calculate the remainder when w(b) is divided by 13/(-1)*(4 - 10/2).
12
Suppose -x + 32 = x. Suppose -7*w + 10*w - 327 = 0. What is the remainder when w is divided by x?
13
Let b(f) = -18*f**3 + 3*f + 3. Calculate the remainder when 42 is divided by b(-1).
6
Let z = -66 + 75. What is the remainder when 2 + 0 + 0 - -23 is divided by z?
7
Let b(q) = -q - 2*q - 12 - 4*q. Let c be b(-8). Calculate the remainder when 68 is divided by c/(-55) + 148/10.
12
Let c(y) = -4*y + 34. What is the remainder when 459 is divided by c(-3)?
45
Let f(b) = b**3 - 6*b**2 + 9*b - 9. Suppose 4*t = -4*p - 0*t + 28, 5*p + 2*t = 23. Let u be p + 3 + -4 + 4. Calculate the remainder when f(u) is divided by 12.
9
Suppose 0 = 295*w - 323*w + 140. Calculate the remainder when (-3)/(-2)*(-12)/(-2) is divided by w.
4
Let x = 132 - 128. Suppose 662 = x*w - 2. Calculate the remainder when w is divided by 12.
10
Suppose -3*q + 428 = -5*s, -2*q + 23*s - 21*s + 284 = 0. What is the remainder when q is divided by 56?
29
Let k = 91 - 142. Let v = -7 + 27. Calculate the remainder when (2 - k/(-6))*-12 is divided by v.
18
Let j = -155 + 201. Calculate the remainder when j is divided by 16.
14
Suppose 13*h = 10*h - 36. Let d(q) = -q + 7. What is the remainder when d(h) is divided by 5?
4
Let a = 308 + -117. Calculate the remainder when a is divided by 32.
31
Let c = 0 + 3. Let n = c - 5. What is the remainder when 10 is divided by (-12)/24 - 9/n?
2
Let v be -4*(-4)/16*1. Let a(h) = 28*h + v - 1 + 14*h. Calculate the remainder when a(1) is divided by 15.
12
Let u be 11 + (-2)/4*-4. Suppose 4*s - 33 = -u. Let m = 13 - s. What is the remainder when 30 is divided by m?
6
Let o = -84 - -87. Let q(n) = 2*n**2 + 8*n + 7. Calculate the remainder when q(-5) is divided by (-40)/(-6) - (-1)/o.
3
Suppose -76*a + 61*a + 2070 = 0. Suppose -5*j + 47 = -23. What is the remainder when a is divided by j?
12
Let t = 206 + -65. Calculate the remainder when t is divided by 29.
25
Suppose 0 = 4*k - 1 - 47. Let n be 6 + -6 + (-4)/(-2). Suppose 0*y = -n*u + 2*y + 60, -5*y - 10 = -u. Calculate the remainder when u is divided by k.
11
Suppose 0 = 10*q + 1105 - 2815. Calculate the remainder when q is divided by 8.
3
Let z(y) = -y - 23. Let j be z(-14). Let u = -3 - j. Suppose -6 = -3*d + u. Calculate the remainder when 6 is divided by d.
2
Supp